ousands digit of 776899040?
8
What is the tens digit of 151695696?
9
What is the ten thousands digit of 21662760?
6
What is the thousands digit of 48445529?
5
What is the tens digit of 967508692?
9
What is the ten thousands digit of 1106435?
0
What is the hundreds digit of 356328094?
0
What is the units digit of 201845561?
1
What is the thousands digit of 591677125?
7
What is the hundred thousands digit of 2769557168?
5
What is the millions digit of 819506618?
9
What is the tens digit of 10589550?
5
What is the ten thousands digit of 3014606424?
0
What is the hundreds digit of 174455721?
7
What is the hundred thousands digit of 8521483?
5
What is the ten millions digit of 126330835?
2
What is the hundreds digit of 744227042?
0
What is the ten millions digit of 2198290852?
9
What is the ten thousands digit of 70752654?
5
What is the tens digit of 2452602461?
6
What is the millions digit of 51298130?
1
What is the ten millions digit of 168626735?
6
What is the ten thousands digit of 2422971194?
7
What is the thousands digit of 249863322?
3
What is the hundreds digit of 7217106?
1
What is the ten millions digit of 13842189?
1
What is the units digit of 167356595?
5
What is the ten thousands digit of 1001213527?
1
What is the hundred thousands digit of 66667734?
6
What is the hundreds digit of 25015443?
4
What is the hundred thousands digit of 19228791?
2
What is the ten thousands digit of 495707422?
0
What is the hundred thousands digit of 4891421?
8
What is the hundreds digit of 11821698?
6
What is the ten thousands digit of 667400047?
0
What is the ten thousands digit of 2225041007?
4
What is the ten thousands digit of 77032488?
3
What is the ten thousands digit of 188462476?
6
What is the hundreds digit of 606687643?
6
What is the thousands digit of 282236254?
6
What is the hundreds digit of 983409657?
6
What is the ten thousands digit of 252346955?
4
What is the ten millions digit of 990069315?
9
What is the hundred millions digit of 211117926?
2
What is the hundred millions digit of 282109332?
2
What is the thousands digit of 378993691?
3
What is the ten millions digit of 1207139238?
0
What is the ten millions digit of 259548721?
5
What is the ten millions digit of 634331646?
3
What is the ten millions digit of 1746259569?
4
What is the ten thousands digit of 62435063?
3
What is the units digit of 227945840?
0
What is the units digit of 34710586?
6
What is the thousands digit of 20613099?
3
What is the ten millions digit of 369105890?
6
What is the tens digit of 1448818740?
4
What is the units digit of 120521197?
7
What is the tens digit of 383868632?
3
What is the thousands digit of 4332595581?
5
What is the thousands digit of 20915376?
5
What is the hundreds digit of 3496338884?
8
What is the hundred thousands digit of 897815051?
8
What is the thousands digit of 92589071?
9
What is the millions digit of 45146717?
5
What is the ten thousands digit of 898471500?
7
What is the ten millions digit of 221807154?
2
What is the millions digit of 449598029?
9
What is the hundred thousands digit of 234238193?
2
What is the millions digit of 31342263?
1
What is the ten millions digit of 971200840?
7
What is the ten millions digit of 18414660?
1
What is the hundreds digit of 1112970030?
0
What is the thousands digit of 65113802?
3
What is the hundred millions digit of 204400069?
2
What is the hundreds digit of 181119581?
5
What is the hundreds digit of 3056354002?
0
What is the hundred thousands digit of 655875644?
8
What is the millions digit of 5742416?
5
What is the tens digit of 76897586?
8
What is the units digit of 431339007?
7
What is the units digit of 6580629471?
1
What is the ten thousands digit of 96476857?
7
What is the hundred millions digit of 1583411887?
5
What is the thousands digit of 18085555?
5
What is the millions digit of 32817378?
2
What is the hundred thousands digit of 2416086?
4
What is the thousands digit of 87263341?
3
What is the ten thousands digit of 839248552?
4
What is the thousands digit of 130333266?
3
What is the ten thousands digit of 613213053?
1
What is the ten thousands digit of 713926738?
2
What is the billions digit of 1547296656?
1
What is the thousands digit of 264065385?
5
What is the hundred millions digit of 2614818142?
6
What is the units digit of 84076349?
9
What is the ten millions digit of 277584576?
7
What is the units digit of 43131734?
4
What is the ten thousands digit of 6096144429?
4
What is the hundred thousands digit of 176467478?
4
What is the hundreds digit of 122051863?
8
What is the thousands digit of 29110331?
0
What is the tens digit of 824941752?
5
What is the tens digit of 22344665?
6
What is the ten millions digit of 837710621?
3
What is the units digit of 57043636?
6
What is the ten thousands digit of 483326847?
2
What is the tens digit of 142250455?
5
What is the millions digit of 419624404?
9
What is the hundred thousands digit of 214341311?
3
What is the units digit of 2032148764?
4
What is the thousands digit of 60913001?
3
What is the thousands digit of 898146654?
6
What is the millions digit of 493244241?
3
What is the units digit of 1515581566?
6
What is the units digit of 4160001125?
5
What is the millions digit of 63176027?
3
What is the hundred thousands digit of 725062137?
0
What is the hundreds digit of 1878604380?
3
What is the units digit of 925240986?
6
What is the units digit of 2581768694?
4
What is the millions digit of 1010962018?
0
What is the millions digit of 461850365?
1
What is the ten millions digit of 306614526?
0
What is the hundred thousands digit of 1290195622?
1
What is the units digit of 32099234?
4
What is the billions digit of 1428542045?
1
What is the hundreds digit of 373498456?
4
What is the ten thousands digit of 2169894638?
9
What is the thousands digit of 33030850?
0
What is the thousands digit of 44373966?
3
What is the billions digit of 1641429265?
1
What is the hundred millions digit of 226454748?
2
What is the hundred thousands digit of 279552004?
5
What is the ten thousands digit of 6729159999?
5
What is the thousands digit of 3864952?
4
What is the billions digit of 7689736740?
7
What is the hundred thousands digit of 109209857?
2
What is the ten millions digit of 60488007?
6
What is the tens digit of 117407923?
2
What is the hundred millions digit of 988649528?
9
What is the units digit of 2571881493?
3
What is the millions digit of 2386038952?
6
What is the thousands digit of 4014303?
4
What is the hundred thousands digit of 183574661?
5
What is the billions digit of 1057502134?
1
What is the ten millions digit of 70944709?
7
What is the units digit of 18338319?
9
What is the tens digit of 448090450?
5
What is the units digit of 26982263?
3
What is the millions digit of 253568170?
3
What is the millions digit of 224239134?
4
What is the tens digit of 287288147?
4
What is the hundred thousands digit of 50376514?
3
What is the ten thousands digit of 11657367?
5
What is the units digit of 1330188195?
5
What is the hundreds digit of 649650564?
5
What is the hundreds digit of 188377070?
0
What is the hundreds digit of 49567075?
0
What is the hundred thousands digit of 643552618?
5
What is the hundred thousands digit of 4463294?
4
What is the ten millions digit of 12356394?
1
What is the units digit of 8806072?
2
What is the ten millions digit of 3060927511?
6
What is the ten thousands digit of 228903284?
0
What is the ten millions digit of 13666633?
1
What is the tens digit of 445474863?
6
What is the units digit of 165145139?
9
What is the ten millions digit of 23126274?
2
What is the hundred thousands digit of 486924226?
9
What is the ten thousands digit of 13911812?
1
What is the units digit of 17376406?
6
What is the tens digit of 3702677?
7
What is the units digit of 655205624?
4
What is the units digit of 1873551939?
9
What is the ten thousands digit of 3260508752?
0
What is the billions digit of 1348937789?
1
What is the ten thousands digit of 178740394?
4
What is the hundred millions digit of 2182826443?
1
What is the billions digit of 1019941696?
1
What is the billions digit of 1019005219?
1
What is the tens digit of 53782107?
0
What is the tens digit of 7479757?
5
What is the ten millions digit of 938256471?
3
What is the hundred